ime factors of 2415?
3, 5, 7, 23
What are the prime factors of 3514?
2, 7, 251
List the prime factors of 41032.
2, 23, 223
List the prime factors of 5597.
29, 193
What are the prime factors of 1246?
2, 7, 89
What are the prime factors of 18388?
2, 4597
List the prime factors of 4061.
31, 131
List the prime factors of 585.
3, 5, 13
List the prime factors of 38365.
5, 7673
List the prime factors of 28655.
5, 11, 521
List the prime factors of 72418.
2, 36209
List the prime factors of 6971.
6971
What are the prime factors of 37811?
37811
What are the prime factors of 36664?
2, 4583
List the prime factors of 1998.
2, 3, 37
What are the prime factors of 16417?
16417
What are the prime factors of 2281?
2281
What are the prime factors of 4572?
2, 3, 127
List the prime factors of 2986.
2, 1493
What are the prime factors of 108294?
2, 3, 18049
What are the prime factors of 765?
3, 5, 17
List the prime factors of 7663.
79, 97
List the prime factors of 46883.
173, 271
What are the prime factors of 16568?
2, 19, 109
List the prime factors of 19523.
7, 2789
What are the prime factors of 71616?
2, 3, 373
What are the prime factors of 21752?
2, 2719
What are the prime factors of 61480?
2, 5, 29, 53
List the prime factors of 1874.
2, 937
What are the prime factors of 1679?
23, 73
List the prime factors of 9224.
2, 1153
List the prime factors of 64700.
2, 5, 647
What are the prime factors of 5150?
2, 5, 103
List the prime factors of 433.
433
List the prime factors of 2235.
3, 5, 149
List the prime factors of 103133.
151, 683
List the prime factors of 442.
2, 13, 17
What are the prime factors of 15284?
2, 3821
List the prime factors of 24598.
2, 7, 251
List the prime factors of 34358.
2, 41, 419
List the prime factors of 404.
2, 101
What are the prime factors of 41058?
2, 3, 2281
What are the prime factors of 5668?
2, 13, 109
List the prime factors of 52577.
7, 29, 37
List the prime factors of 96.
2, 3
List the prime factors of 106437.
3, 17, 2087
What are the prime factors of 1588?
2, 397
What are the prime factors of 2030?
2, 5, 7, 29
List the prime factors of 611.
13, 47
List the prime factors of 12607.
7, 1801
What are the prime factors of 735?
3, 5, 7
List the prime factors of 34051.
17, 2003
List the prime factors of 2540.
2, 5, 127
List the prime factors of 96128.
2, 751
List the prime factors of 1098.
2, 3, 61
What are the prime factors of 159430?
2, 5, 107, 149
What are the prime factors of 3556?
2, 7, 127
What are the prime factors of 1832?
2, 229
List the prime factors of 1265.
5, 11, 23
List the prime factors of 49440.
2, 3, 5, 103
List the prime factors of 3225.
3, 5, 43
What are the prime factors of 32297?
32297
List the prime factors of 9599.
29, 331
List the prime factors of 2710.
2, 5, 271
What are the prime factors of 8945?
5, 1789
What are the prime factors of 42289?
13, 3253
What are the prime factors of 3699?
3, 137
What are the prime factors of 27477?
3, 43, 71
List the prime factors of 1228.
2, 307
List the prime factors of 28708.
2, 7177
What are the prime factors of 30125?
5, 241
What are the prime factors of 31065?
3, 5, 19, 109
List the prime factors of 3042.
2, 3, 13
List the prime factors of 25556.
2, 6389
What are the prime factors of 9609?
3, 3203
List the prime factors of 33158.
2, 59, 281
What are the prime factors of 20385?
3, 5, 151
List the prime factors of 13373.
43, 311
List the prime factors of 6355.
5, 31, 41
List the prime factors of 6022.
2, 3011
List the prime factors of 658.
2, 7, 47
What are the prime factors of 14929?
14929
List the prime factors of 4120.
2, 5, 103
What are the prime factors of 4208?
2, 263
What are the prime factors of 87915?
3, 5, 5861
List the prime factors of 4887.
3, 181
List the prime factors of 6209.
7, 887
What are the prime factors of 4425?
3, 5, 59
What are the prime factors of 143008?
2, 41, 109
What are the prime factors of 5875?
5, 47
What are the prime factors of 7804?
2, 1951
What are the prime factors of 26899?
37, 727
What are the prime factors of 16189?
16189
What are the prime factors of 7199?
23, 313
List the prime factors of 1957.
19, 103
What are the prime factors of 6807?
3, 2269
List the prime factors of 9992.
2, 1249
What are the prime factors of 2439?
3, 271
List the prime factors of 37268.
2, 7, 11
List the prime factors of 5451.
3, 23, 79
List the prime factors of 108326.
2, 54163
List the prime factors of 1666.
2, 7, 17
List the prime factors of 1643.
31, 53
What are the prime factors of 2200?
2, 5, 11
List the prime factors of 554.
2, 277
What are the prime factors of 12169?
43, 283
What are the prime factors of 4941?
3, 61
What are the prime factors of 30905?
5, 7, 883
What are the prime factors of 1906?
2, 953
List the prime factors of 2609.
2609
What are the prime factors of 157296?
2, 3, 29, 113
List the prime factors of 1928.
2, 241
List the prime factors of 300.
2, 3, 5
What are the prime factors of 5957?
7, 23, 37
What are the prime factors of 3403?
41, 83
List the prime factors of 1064.
2, 7, 19
List the prime factors of 16112.
2, 19, 53
List the prime factors of 1332.
2, 3, 37
What are the prime factors of 48037?
11, 397
List the prime factors of 68883.
3, 22961
What are the prime factors of 278?
2, 139
What are the prime factors of 147364?
2, 7, 19, 277
What are the prime factors of 15105?
3, 5, 19, 53
List the prime factors of 1310.
2, 5, 131
List the prime factors of 70602.
2, 3, 7, 41
What are the prime factors of 356?
2, 89
What are the prime factors of 3205?
5, 641
What are the prime factors of 8862?
2, 3, 7, 211
List the prime factors of 25783.
19, 23, 59
List the prime factors of 6079.
6079
What are the prime factors of 13319?
19, 701
What are the prime factors of 66?
2, 3, 11
What are the prime factors of 122602?
2, 59, 1039
List the prime factors of 282.
2, 3, 47
What are the prime factors of 1622?
2, 811
List the prime factors of 29313.
3, 3257
List the prime factors of 30953.
13, 2381
What are the prime factors of 52?
2, 13
List the prime factors of 7835.
5, 1567
What are the prime factors of 511?
7, 73
List the prime factors of 6087.
3, 2029
What are the prime factors of 6265?
5, 7, 179
List the prime factors of 44875.
5, 359
What are the prime factors of 893?
19, 47
What are the prime factors of 1394?
2, 17, 41
List the prime factors of 76718.
2, 89, 431
What are the prime factors of 1335?
3, 5, 89
What are the prime factors of 43600?
2, 5, 109
What are the prime factors of 1438?
2, 719
List the prime factors of 2820.
2, 3, 5, 47
List the prime factors of 142030.
2, 5, 7, 2029
What are the prime factors of 23440?
2, 5, 293
What are the prime factors of 255?
3, 5, 17
List the prime factors of 19123.
13, 1471
List the prime factors of 1063.
1063
List the prime factors of 501.
3, 167
List the prime factors of 2231.
23, 97
What are the prime factors of 56530?
2, 5, 5653
List the prime factors of 973.
7, 139
List the prime factors of 139005.
3, 5, 3089
What are the prime factors of 7241?
13, 557
What are the prime factors of 17766?
2, 3, 7, 47
What are the prime factors of 213?
3, 71
List the prime factors of 7069.
7069
What are the prime factors of 6323?
6323
List the prime factors of 3134.
2, 1567
What are the prime factors of 2317?
7, 331
List the prime factors of 2958.
2, 3, 17, 29
What are the prime factors of 4084?
2, 1021
List the prime factors of 10694.
2, 5347
What are the prime factors of 18645?
3, 5, 11, 113
List the prime factors of 12696.
2, 3, 23
List the prime factors of 49572.
2, 3, 17
List the prime factors of 637.
7, 13
List the prime factors of 572.
2, 11, 13
List the prime factors of 3887.
13, 23
List the prime factors of 9979.
17, 587
List the prime factors of 317.
317
List the prime factors of 1132.
2, 283
List the prime factors of 11692.
2, 37, 79
What are the prime factors of 375?
3, 5
List the prime factors of 1582.
2, 7, 113
What are the prime factors of 2440?
2, 5, 61
List the prime factors of 21611.
21611
What are the prime factors of 3255?
3, 5, 7, 31
List the prime factors of 3536.
2, 13, 17
What are the prime factors of 8299?
43, 193
What are the prime factors of 1439?
1439
What are the prime factors of 3867?
3, 1289
List the prime factors of 5778.
2, 3, 107
What are the prime factors of 175?
5, 7
What are the prime f